the prime factors of 9826967?
587, 16741
List the prime factors of 359444190.
2, 3, 5, 7, 1711639
List the prime factors of 4339244846.
2, 1877, 1155899
What are the prime factors of 3347692609?
3347692609
What are the prime factors of 1660802368?
2, 127, 204331
List the prime factors of 2736271506.
2, 3, 787, 579473
What are the prime factors of 3947912040?
2, 3, 5, 17, 1935251
List the prime factors of 155385608.
2, 7, 23, 120641
List the prime factors of 337633816.
2, 13, 3246479
What are the prime factors of 568075277?
7, 11, 95813
What are the prime factors of 3989201351?
17, 23, 10202561
What are the prime factors of 6984721?
6984721
What are the prime factors of 24925125?
3, 5, 66467
What are the prime factors of 952955462?
2, 16649, 28619
What are the prime factors of 56533205?
5, 11306641
List the prime factors of 1206211470.
2, 3, 5, 37, 1086677
What are the prime factors of 4223066180?
2, 5, 3637, 58057
List the prime factors of 464212510.
2, 5, 181, 256471
What are the prime factors of 287036383?
103, 127, 21943
What are the prime factors of 559462328?
2, 67, 1043773
What are the prime factors of 225249801?
3, 7, 10726181
What are the prime factors of 7617564960?
2, 3, 5, 15869927
What are the prime factors of 2845661887?
2845661887
List the prime factors of 187289509.
11, 1049, 16231
What are the prime factors of 1332753285?
3, 5, 23, 431, 8963
What are the prime factors of 920827239?
3, 79, 3885347
List the prime factors of 41931735.
3, 5, 1217, 2297
What are the prime factors of 270301025?
5, 29, 372829
What are the prime factors of 1201076603?
1201076603
What are the prime factors of 240722630?
2, 5, 283, 85061
List the prime factors of 1002255688.
2, 7, 17897423
What are the prime factors of 29197364?
2, 7, 17, 61339
What are the prime factors of 28786889?
47, 79, 7753
What are the prime factors of 79981007?
89, 898663
What are the prime factors of 546184165?
5, 19, 41, 140227
List the prime factors of 71758283.
859, 83537
What are the prime factors of 130345350?
2, 3, 5, 71, 12239
List the prime factors of 92501486.
2, 7, 11, 600659
List the prime factors of 1423496372.
2, 307, 1159199
What are the prime factors of 425087173?
7, 23, 317, 8329
List the prime factors of 1377546219.
3, 7, 59, 487, 761
List the prime factors of 277190410.
2, 5, 7, 29, 136547
List the prime factors of 100284219.
3, 7, 1591813
What are the prime factors of 296511839?
13, 53, 233, 1847
List the prime factors of 82112828.
2, 7, 97, 617
List the prime factors of 92465955.
3, 5, 228311
What are the prime factors of 39675180?
2, 3, 5, 661253
List the prime factors of 145197521.
7, 31, 669113
List the prime factors of 1206957034.
2, 73, 8266829
What are the prime factors of 2479910726?
2, 47, 241, 109469
What are the prime factors of 12648930?
2, 3, 5, 7, 29, 31, 67
List the prime factors of 293192283.
3, 139, 193, 3643
What are the prime factors of 109362737?
11, 9942067
List the prime factors of 320022873.
3, 1619, 7321
List the prime factors of 55791393.
3, 7, 61, 97, 449
What are the prime factors of 5365732794?
2, 3, 157, 5696107
List the prime factors of 858742125.
3, 5, 2289979
What are the prime factors of 769576324?
2, 11, 53, 331, 997
What are the prime factors of 62907687?
3, 6989743
What are the prime factors of 573805951?
2129, 269519
What are the prime factors of 246822141?
3, 19, 347, 12479
List the prime factors of 6683977964.
2, 43, 79, 89, 5527
List the prime factors of 300658869.
3, 7, 19, 251177
List the prime factors of 716070233.
19, 29, 1299583
What are the prime factors of 159620941?
159620941
List the prime factors of 4139421808.
2, 157, 1647859
List the prime factors of 316474964.
2, 13, 6086057
List the prime factors of 422437257.
3, 11, 387913
What are the prime factors of 45909007?
1019, 45053
What are the prime factors of 151841826?
2, 3, 509, 16573
What are the prime factors of 2483948320?
2, 5, 7, 43, 51577
What are the prime factors of 6056802?
2, 3, 112163
What are the prime factors of 628660209?
3, 263, 796781
What are the prime factors of 274294248?
2, 3, 43, 67, 3967
What are the prime factors of 2396934277?
28429, 84313
List the prime factors of 2425199367.
3, 3911, 206699
What are the prime factors of 445254519?
3, 31, 4787683
What are the prime factors of 1859486991?
3, 47, 13187851
List the prime factors of 44230963.
7, 6318709
What are the prime factors of 5937266?
2, 23, 337, 383
What are the prime factors of 73751274?
2, 3, 19, 89, 2423
What are the prime factors of 44394667?
17, 71, 36781
What are the prime factors of 23513675?
5, 940547
What are the prime factors of 11127447?
3, 1236383
List the prime factors of 12594072.
2, 3, 53, 9901
List the prime factors of 2012758067.
163, 12348209
What are the prime factors of 21263188?
2, 5315797
List the prime factors of 3154687480.
2, 5, 7, 11266741
List the prime factors of 112117384.
2, 14014673
List the prime factors of 32979552.
2, 3, 83, 4139
List the prime factors of 1125993670.
2, 5, 661, 170347
List the prime factors of 55738977.
3, 7, 2654237
What are the prime factors of 224065353?
3, 67, 1114753
List the prime factors of 49445916.
2, 3, 13, 316961
List the prime factors of 845273137.
845273137
List the prime factors of 27251742.
2, 3, 7, 92693
List the prime factors of 207971931.
3, 17, 37, 307, 359
What are the prime factors of 4429391745?
3, 5, 41, 233, 30911
List the prime factors of 355377839.
355377839
What are the prime factors of 29907516?
2, 3, 73, 34141
List the prime factors of 2368827604.
2, 11, 13, 4141307
List the prime factors of 2260801746.
2, 3, 7, 17, 41, 8581
List the prime factors of 5230272276.
2, 3, 48428447
What are the prime factors of 1357298629?
29, 109, 429389
What are the prime factors of 827115543?
3, 19, 79, 6803
What are the prime factors of 1920707057?
491, 1423, 2749
List the prime factors of 253017836.
2, 373, 169583
What are the prime factors of 2599091122?
2, 37, 35122853
What are the prime factors of 108539270?
2, 5, 7, 373, 4157
List the prime factors of 831192763.
831192763
What are the prime factors of 85214722?
2, 31, 1374431
List the prime factors of 621468273.
3, 79, 2622229
What are the prime factors of 108558682?
2, 617, 87973
What are the prime factors of 219854737?
1439, 152783
List the prime factors of 1675225620.
2, 3, 5, 401, 23209
List the prime factors of 1522086248.
2, 59, 311, 10369
List the prime factors of 338348912.
2, 11, 174767
What are the prime factors of 47854246?
2, 11, 37, 58789
What are the prime factors of 1359590965?
5, 3727, 72959
What are the prime factors of 86600110?
2, 5, 587, 14753
What are the prime factors of 16184447?
19, 851813
What are the prime factors of 406972808?
2, 11, 4624691
What are the prime factors of 6121880238?
2, 3, 23, 59, 107, 7027
What are the prime factors of 23445851?
11, 13, 127, 1291
List the prime factors of 697532584.
2, 7, 37, 43, 7829
List the prime factors of 491224082.
2, 461, 532781
What are the prime factors of 2732409301?
40927, 66763
List the prime factors of 1497700132.
2, 59, 6346187
What are the prime factors of 2173491464?
2, 271686433
What are the prime factors of 105889348?
2, 2039, 12983
List the prime factors of 36882597.
3, 157, 78307
List the prime factors of 255583813.
255583813
List the prime factors of 456294599.
79, 5775881
List the prime factors of 55349827.
13, 4257679
List the prime factors of 48462531.
3, 13, 1242629
List the prime factors of 296440785.
3, 5, 61, 79, 1367
What are the prime factors of 2790874913?
31, 109, 825947
What are the prime factors of 23098051?
131, 176321
List the prime factors of 1376681361.
3, 11, 67, 229, 2719
List the prime factors of 97541935.
5, 29, 672703
What are the prime factors of 1084442284?
2, 43, 6304897
What are the prime factors of 574341483?
3, 197, 359, 2707
What are the prime factors of 5307825158?
2, 37, 4481, 16007
List the prime factors of 543352392.
2, 3, 11, 686051
What are the prime factors of 2937410461?
197, 14910713
What are the prime factors of 5774441627?
5774441627
What are the prime factors of 1893333?
3, 13, 43, 1129
List the prime factors of 98191222.
2, 59, 832129
What are the prime factors of 417705555?
3, 5, 17, 1638061
What are the prime factors of 85231159?
13, 655